 5) - 1.
25
2 + (-5 - (3 - 10)) - 9
-5
Calculate -4 + -1 + 1 + 5 - -16.
17
Calculate -2 + -5 + (52 - 51).
-6
Evaluate 9 - ((-6 - (-6 - -2)) + -34 + 33).
12
-7 + 45 + (-211 - -212)
39
What is the value of 17 + (-15 + 5 + -6 - -6)?
7
4 - ((3 - -7) + -14)
8
What is the value of (-67 - -50) + 25 + (-29 - (-2 + 1))?
-20
What is -7 - 1 - (10 + (18 - 14) - 28)?
6
2 + -2 - (218 + -214)
-4
Evaluate 14 + (-32 - -8) + 0.
-10
What is 5 - (21 + -31 + 24)?
-9
Evaluate (6 - (7 - -7) - 3) + 11 + -2.
-2
What is -13 - -16 - (-4 - (-9 + (3 - 1)))?
0
(20 - 20) + (-2 + -5 - -27)
20
-6 + (1 - -3) + 1 + 19 + -9
9
Calculate 37 - (-33 + 68 - -28).
-26
Calculate -5 - (9 + -11 - 5).
2
Calculate -14 + 12 + (18 - 12).
4
Evaluate (9 - (-13 - 27)) + -29.
20
Calculate 3 + (8 - (12 + (-8 - -4))).
3
-1 - (-1 - 1) - (413 + -418)
6
(3 + -2 - -2) + -6
-3
Evaluate (12 - -4) + (-7 - -3).
12
Calculate 12 + -1 - (-22 - -41).
-8
What is the value of -14 - 2 - (47 + -68)?
5
Calculate (9 + -14 - (-7 + 0)) + -6 + -6.
-10
What is (175 - 149) + 2 + -27?
1
Evaluate (-5 - (2 + -1)) + 0 + -2.
-8
What is the value of 20 - (-4 - (4 - 19 - -15))?
24
-3 - ((31 - 1) + -64)
31
Evaluate -5 - 0 - (12 + -18).
1
What is (-9 - -7) + (-12 - (13 - -1))?
-28
Calculate (-6 + -2 - -4) + 6 + -6.
-4
Evaluate -32 + -1 + (0 - (-19 + (38 - 14))).
-38
Calculate -32 + (62 - 24) - ((-2 - -1) + 5).
2
What is the value of 11 - (18 - 0) - -7?
0
Evaluate 6 - -1 - (6 + (-2 - 5 - 7)).
15
Evaluate -3 + 18 - (-3 - (-9 + 2 + 1)).
12
Calculate -19 + (-1 - 3 - -34) + -1 + 9.
19
(-40 - -8) + (-25 + 19 - -6)
-32
What is the value of -3 + (-11 - (15 - 17))?
-12
What is -1 - (-9 - (6 + 0))?
14
What is -103 + 110 - (-2 - -7)?
2
What is -223 + 236 - (8 + -1)?
6
-446 + 474 - (-5 + 6)
27
What is 6 - ((0 - (6 + -3)) + 6 - 8)?
11
What is the value of (2 - (5 + 1) - 10) + 5 - 4?
-13
What is the value of 2 + (-1 - -2) + (49 - 53)?
-1
Evaluate 1 - (7 + 7) - -2 - -20.
9
What is (4 - (1 - -3)) + (13 - 23)?
-10
Calculate (-86 - -109) + (1 - (-4 + 2 - -4)).
22
Evaluate -11 - (1 - ((6 - 22) + 13)).
-15
What is the value of -4 + -5 + -9 + 6 - 13?
-25
What is (2 - (-2 + 9)) + (97 - (109 + -53))?
36
Evaluate -1 - ((-18 - 4) + 4 + 2 - -7).
8
Calculate -6 + (5 - (-9 + 19) - -8).
-3
Evaluate (-8 - -4) + 0 + (-24 - -9 - -5).
-14
What is the value of (-5 + (-4 - -2) - (53 + -38)) + 3?
-19
What is (31 - 16) + -3 + -14?
-2
What is (-121 - -116) + (2 - 0 - -6)?
3
Calculate (8 - 3) + (34 - 40).
-1
2 + (-1 - 1) - (6 + (-21 - -16))
-1
What is (-1 - 6) + 9 + -2 + 2?
2
(3 - 1) + (-10 - -1) - (3326 - 3359)
26
What is the value of -15 + -2 + 9 + 4 + 1?
-3
Calculate (-4 + 8 - 3) + (6 - (-9 + 8)).
8
Evaluate (8 - (3 + (3 - 5))) + -48 + 45.
4
Evaluate (5 - (-7 - (6 - 10))) + -4 - -8.
12
(-2 - (6 + 1 + -8)) + (3 - 0)
2
Evaluate 18 + -18 + 5 + -17.
-12
What is 10 + -4 - ((6 + -2 - -1) + -10)?
11
-18 + (-14 - (-25 + 4)) + (-1 - 4)
-16
Calculate -21 - (-10 + (-3 - -2)).
-10
Evaluate 7 + (-3 + 16 - 3 - 6) + -6.
5
What is the value of (-1 - -4) + (-503 - -515 - (-1 - 1))?
17
(5 + -24 - -8) + 15 + -12 + 3
-5
270 - 282 - (0 - 25)
13
Evaluate 37 - 0 - (417 + -401).
21
Calculate 6 + (15 - (6 - 1)) - 15.
1
Evaluate -2 + (-3 - 5) + 4.
-6
Calculate (-18 - (-25 - -7)) + (-1 - -5).
4
Calculate 0 + (-16 - -19 - 16).
-13
Evaluate 1 - ((-9 - (-21 - -5)) + -11).
5
Calculate -9 - -5 - -1 - (-7 + -3 + 26).
-19
What is the value of 7 + 5 - (-23 + 17)?
18
Calculate 22 + -14 + -12 + -16.
-20
Calculate -7 + -1 + (0 - (11 + -21)).
2
What is 0 + (12 - (-9 - -27))?
-6
Calculate -7 + (-7 + (9 - -2) - -5).
2
What is 11 + -14 + -3 - 1?
-7
Evaluate -599 - -586 - (3 + 2 + -8).
-10
(12 - 7 - -11) + -2 + -6
8
Calculate 8 - 18 - (-23 - -13) - 4.
-4
What is 23 + 3 - (-201 - -238)?
-11
14 + 12 + -18 + 16 + 0
24
What is the value of (-8 - 22) + (45 - 16)?
-1
Calculate (4 - 12) + (11 - 3) - -7.
7
Calculate 5 - 0 - (7 + 1 - (-16 + 30)).
11
14 - (12 - (-4 + 7))
5
3 - ((32 - 3) + -23)
-3
What is the value of -2 - (1 + -10 + -10)?
17
Calculate 1 + -6 - (-1 + 2 - (32 - 32)).
-6
What is -10 + 3 + 2 - (6 + -5 + 17)?
-23
What is (9 - 28 - 21) + 22?
-18
5 - (-22 + 23 + -10 + -2)
16
Evaluate 7 - -1 - ((-6 - 2) + 6 + -6).
16
What is 8 + -16 + 1 + -5 + 0?
-12
What is 4 - (4 + 0) - (34 + -27)?
-7
Evaluate (-2 - 5) + (1 - (8 + 8 + -28)).
6
Calculate 5 + -3 + -8 + -2 + -10.
-18
10 - (15 - 1) - -18 - -11
25
(-6 + 1 - (7 + -21 - -16)) + -3
-10
Evaluate 24 + -22 - (15 + 1).
-14
Calculate -7 - -14 - 6 - -8.
9
Evaluate -17 - (-26 + 8 + 1).
0
Evaluate -27 + (-21 + 73 - 26).
-1
What is the value of (43 - (13 - 19 - -23)) + (2 - -9)?
37
Calculate 12 - ((-3 - -15 - -10) + -3).
-7
Evaluate -14 + 1 - (25 + -9 + -11 - 1).
-17
Calculate 8 + -5 + -31 + 20.
-8
What is the value of -12 - (-1 + 6 + -16)?
-1
Evaluate 20 + 0 + -1 - (-40 - (0 - 44)).
15
What is the value of (-14 - -22) + 4 - 13?
-1
What is the value of -23 - (-5 + 3) - (-11 + 17 + -5)?
-22
Evaluate 3 + -13 - -11 - 12.
-11
Evaluate 0 + -10 - (-4 + 1 - (-3 - -4)).
-6
Evaluate 1 - -6 - (283 + -260).
-16
What is -1 - (0 + (2 + -1 - 7))?
5
What is -17 - (-11 + 16 + -12)?
-10
50 - 107 - -47 - (1 + (-1 - -2))
-12
Evaluate (27 + -15 - 7) + 2.
7
What is (-32 - -10) + 11 - (-2 - 11)?
2
-5 - ((3 - 13) + -8)
13
Evaluate -7 + 5 + 9 + -2 + -8.
-3
What is the value of (1 - (8 + 3)) + 2?
-8
-112 - -111 - (1 + 0)
-2
Evaluate -576 + 556 + (-3 - -8) + -1.
-16
What is the value of -13 + -5 - (0 + 0 + -8)?
-10
What is 13 + (4 - (1 - -13)) + 4?
7
Calculate (0 + 1 - 20) + 81 + -1 + -73.
-12
Calculate -4 + 4 + 2 + 10 - (-262 - -298).
-24
(0 - 5) + -3 + 9 + 1 + -1
1
Evaluate -2 + -7 + (20 - (22 - 14)) + -33.
-30
Calculate (-15 - (10 - (11 - -13))) + 1 + 0.
0
What is the value of -5 + 8 + 10 + -2?
11
21 + -45 + 9 + 10 - (-5 - 1)
1
What is the value of (4 - -5) + 11 + -25 + -1?
-6
What is the value of (-23 - -1) + 22 + (1 - 1)?
0
Evaluate -13 + (-2 - -10 - 1) + 11.
5
What is the value of 4 - (-4 + 14 + -14 + 10 + -2)?
0
Evaluate (2 - -1) + 273 + -283.
-7
What is (-15 - -24 - (35 - 7)) + 7?
-12
What is the value of (27 - 10) + -29 + 18?
6
What is the value of -8 - (-11 - -1 - (54 - 53))?
3
Evaluate (197 - 69) + -126 + (1 - 2 - -8).
9
Calculate -3 - 14 - (-7 + 7 + (-4 - -6)).
-19
What is the value of 13 - (-8 - (-18 + 3)) - 3?
3
What is the value of -57 - -49 - (-1 + -13) - -9?
15
Evaluate (10 - ((-145 - -143) + -1 + 15)) + 9.
7
What is the value of (11 - (9 + -13)) + 7 - 5?
17
Calculate 19 + (-18 - -6) - (-4 + 13 + -4).
2
Calculate (53 + -20 - 23) + 7.
17
What is (-18 - ((-8 - 1) + 5)) + 4?
-10
Evaluate (-216 - -219) + -1 + 1.
3
2 + (2 - (-1 - -5) - -7 - -14)
21
Evaluate 9 + (-22 - (-6 - 18)).
11
21 + 1 + -1 + -30
-9
(-30 - -20) + 8 + 0 + 30
28
Evaluate -2 + 13 - 0 - (-7 - 24) - 11.
31
What is the value of (-1 - -20) + (3 - 6)?
16
-8 + 4 - 0 - (-12 + -6)
14
Evaluate 3 - (2 - -7 - -2).
-8
What is (-3 - 9 - -20) + (-8 - -3) + -8?
-5
Calculate -142 - -126 - (-5 + -1) - (1 - -5).
-16
-9 + -8 + (6 - (1 + -5)) + 7
0
What is the value of 15 - 1 - (-34 + 156 - 111)?
3
What is the value of 19 + -8 + -22 + 29?
18
Evaluate -1 - -3 - ((34 - 20) + -8) - 1.
-5
Calculate 12 + 33 + -9 + -9.
27
Evaluate 9 - 1 - (-2 + (2 - -9)).
-1
(-29 - (-28 - -14)) + 13
-2
Calculate (-16 - -5 - -9) + (-2 - -3).
-1
Calculate 1 + (1 - 8) + -11 + -15 + 28.
-4
What is the value of -4 - 13 - (14 - 30)?
-1
17 - (24 - (20 - 24))
-11
Evaluate (-13 - -24) + -3 + 4.
12
Evaluate 2 + 12 + -2 + -22 - (19 + -1).
-28
What is the value of 18 + -4 + 7 + -14 - (11 + 2)?
-6
What is the value of -50 + (69 - 33) - (-21 - 1)?
8
What is the value of 5 - (0 - (-4 + -1))?
0
Calculate (24 - 34) + -16 + -1.
-27
What is (-14 - (20 + -4)) + (14 - 2)?
-18
Evaluate (-12 - -4) + 36 + -15.
13
What is 28 - ((23 - 17) + 9)?
13
Evaluate -4 + 10 + -3 - (5 + -10).
8
Calculate 27 - (15 + (-16 - -5) - -5).
18
What is the value of (15 - 1) + 12 - (-22 + 22)?
26
-16 + (8 - (-3 - 0)) + -3
-8
(-1 + 4 - 9) + -2
-8
-18 - (0 - (-23 - -39))
-2
What is the value of (3 + -7 - -8 - 0) + (-10 - -12)?
6
(-20 + 12 - -12) + -26
-22
Evaluate -32 + -1 - (15 + -38).
-10
What is 24 - -1 - (-1305 - -1308)?
22
What is the value of 0 + 2 - (4 - 6 - -5 - -12)?
-13
What is (3 - (2 - (-6 + 4))) + 0?
-1
What is -9 + (4 - 0) + -7 + 3?
-9
3 - ((4 - 1) + 0 - -4 - 18)
14
What is the value of (-